*c - 2, -2*c = -6*y + 2*y + 10. Suppose -y*a = 3*r - 162, 5*a - 4*r = 4*a + 34. List the prime factors of a.
2, 5
Let j = -135 + 128. Let f(p) = -p**3 - 3*p**2 - 15*p - 3. What are the prime factors of f(j)?
2, 149
Let f be 88/14 - 14/49. Suppose -v = -2*c - 14, 70 = f*v - 3*v + c. Let i = v - -33. What are the prime factors of i?
5, 11
Let x = -17 + 21. Suppose 0*b - b - 1086 = -5*j, 0 = -x*j + b + 868. What are the prime factors of j?
2, 109
Suppose -4695 - 2933 = -4*g. What are the prime factors of g?
1907
Suppose -d = 5*w - 1 + 16, 2*d = 10. Let h be w/12 + (-16)/(-3). Suppose 41 = h*u + 2*v, -4*v + 0*v = 2*u - 10. What are the prime factors of u?
3
Let o = -3705 - -5627. List the prime factors of o.
2, 31
Let k(m) = m**3 + 20*m**2 - 20*m + 28. List the prime factors of k(-12).
2, 5, 71
Let y(a) = -6*a + 12. Let k(f) = -f**3 - 3*f**2 + 2*f + 1. Let c be k(-3). Let l be y(c). Let h = l + 0. What are the prime factors of h?
2, 3, 7
Let k = 1414 + -639. What are the prime factors of k?
5, 31
List the prime factors of -5 + 8736/(6 - 0).
1451
Suppose 0 = -c - 126 + 681. Suppose -c = -8*y + 525. What are the prime factors of y?
3, 5
Let c(y) = -y**3 - 13*y**2 + 16*y + 24. Let d be c(-12). Let l = d - -440. What are the prime factors of l?
2
Let l(c) = c**3 + 16*c**2 - 18*c + 4. Suppose 9*i + 170 = -i. List the prime factors of l(i).
3, 7
Suppose p + p = 10. Let s be (12/(-10))/(-3)*p. What are the prime factors of (1 - -9) + 2/s?
11
What are the prime factors of (24/14)/(2/1092)?
2, 3, 13
Suppose -3*t = 3*b - 504, 3*t - 612 = 4*b - 80. Suppose -w + a + 50 = -0*a, -4*w - 3*a = -t. List the prime factors of w.
2, 23
Let p(y) = -216*y - 190. What are the prime factors of p(-6)?
2, 7, 79
Suppose 145 - 3269 = -11*w. List the prime factors of w.
2, 71
Let i(b) be the third derivative of -b**6/120 + b**5/12 + b**4/3 - 3*b**3/2 - 7*b**2. What are the prime factors of i(5)?
31
Let z(n) = -402*n - 1. Let k be z(-2). Suppose -7*s + k = -2. List the prime factors of s.
5, 23
Suppose -3*h - 3*g - 94 = 35, -4*h + g = 167. Let x be (-1)/(-2)*h/(-7). Suppose 3*j - 283 = -4*n, -x*n - j = -0*n - 206. What are the prime factors of n?
67
Let s(o) = -o**3 - 3*o**2 - 3*o + 3. Let v be 2*((-1)/2 - -3). Suppose -4*x + 12 = -f + 1, 10 = v*x. What are the prime factors of s(f)?
2, 3
Let c be (-57)/(0 + -3) + 1. Suppose 3*a - 2*a = 10. Let v = c - a. List the prime factors of v.
2, 5
Suppose s - 2*q - 251 = 0, -3*s + 4*q + 267 = -486. What are the prime factors of s?
251
Let i(d) = 35*d + 107. What are the prime factors of i(13)?
2, 281
Let z(u) = 4*u**2 + 3*u - 2. Let h be z(2). Let i = 27 + h. Let g = -21 + i. List the prime factors of g.
2, 13
Let j(s) = s**3 - 2*s**2 + s + 1. Let y be j(1). List the prime factors of (0 - 1)/(y/(-89)).
89
Suppose 2*b = 9*b - 140. Suppose -6*f + b = -4. What are the prime factors of f?
2
Let s(m) = m**3 + m**2 + 4*m + 5. Let k be s(-4). Let y = 41 + k. Let j = y - -29. What are the prime factors of j?
11
Suppose 0 = -6*f + 3*i + 10485, -4*f + 5*i - 2213 = -9212. What are the prime factors of f?
2, 3, 97
Suppose -804 = -2*x - 2*p + 550, 2*x = -5*p + 1342. List the prime factors of x/(-15)*-2 + 1/5.
7, 13
Let m = 9 + -13. Let a be m*(3/6)/(-1). List the prime factors of (-12)/30*(-160)/a.
2
Let t(l) = -l**3 - 12*l**2 + 4*l + 42. Let f be t(-12). What are the prime factors of (7 + 0 + f)*(-1 - -13)?
2, 3
Let o = 33 + -28. Suppose -o*h = -3 - 22. List the prime factors of h.
5
Let j = -15 + 31. Suppose 0 = -i + 5 + j. What are the prime factors of i?
3, 7
Let i(h) = 15*h - 10. Let r be i(1). Suppose 4*x - 203 = b, r*x - 5*b - 250 = -0*x. What are the prime factors of x?
3, 17
Suppose 5*x - 12 = -p, -2*p = -3*p - x + 4. Let h = 1 - p. Let w = h + 4. List the prime factors of w.
3
Suppose 3*m = -4*y + 21, 5*m - 11 = 2*y - 2. Suppose -k = -3*x - 1 + 17, 4 = -4*k. Suppose x*i = -j + 34, -y*i + 31 = j - i. What are the prime factors of j?
29
Suppose -3*a + 1718 + 526 = 2*i, 1122 = i - 3*a. List the prime factors of i.
2, 3, 11, 17
Let n(m) be the first derivative of m**3/3 - 3*m**2 + 5*m - 3. Let u be n(5). Suppose u = 2*j + 4*z - 14, -j - 2*z + 46 = 3*j. List the prime factors of j.
13
Suppose -4*c - y = 95, 2*y + 63 + 55 = -5*c. Let b = c - -7. Let f = 24 + b. List the prime factors of f.
7
What are the prime factors of 28/70 - 3726/(-10)?
373
Suppose -v + 2123 + 441 = 5*s, 2544 = 5*s - 4*v. List the prime factors of s.
2
Let l(h) = h**3 - 7*h**2 + 2*h. Let g be l(7). What are the prime factors of 3753/21 + g/49?
179
Let f(m) = 62*m**2 - 39*m + 10. List the prime factors of f(4).
2, 3, 47
Let t(n) = -37*n. Let v(j) be the second derivative of -j**4/12 + 2*j**3/3 - 5*j**2/2 + 10*j. Let a be v(2). List the prime factors of t(a).
37
Suppose 2*n - 3*m = 440, 4*n - 653 = -3*m + 263. What are the prime factors of n?
2, 113
Suppose -55*v = -15*v - 19960. List the prime factors of v.
499
Let q(v) = -v**2 - 12*v - 9. Let y be q(-11). List the prime factors of 27 + 0/(0 + 4/y).
3
Let k be 37 + 6/2 - 2. Suppose t + 2*p = k - 8, -5*t + 2*p + 90 = 0. List the prime factors of t.
2, 5
Let y be ((-12)/(-2))/(-12)*2/1. List the prime factors of y + 0/(-1) + 25.
2, 3
What are the prime factors of 6536/95*25/2?
2, 5, 43
Let z(u) = 2*u**2 + 7*u - 9. Let b be z(-7). Suppose 0 = -5*q + 5*h + 55 + 15, -q = h - 18. Let t = b + q. List the prime factors of t.
2, 7
Suppose 0 = 4*y - 6*y + 6. Let w = 25 - 25. Suppose -69 = -y*d - w*d. List the prime factors of d.
23
Let s = -60 + 109. Suppose -4*x + 205 = s. What are the prime factors of x?
3, 13
Suppose 43*b + 17973 - 111498 = 0. What are the prime factors of b?
3, 5, 29
Suppose 0 = -2*w + w - 3*g + 38, -90 = -3*w - 3*g. Suppose -2*v + 22 = -12. Let k = w - v. What are the prime factors of k?
3
Suppose -2*p = -r - 2941, p = -4*p - 7*r + 7362. What are the prime factors of p?
1471
Let r be (0 - -1)*6/(-6). List the prime factors of r/(-3 - 1204/(-402)).
3, 67
Let z(g) = 4*g**2 - 4*g - 1. Suppose -l + 1 = l + k, 0 = 3*l - 5*k - 34. Suppose 0 = -2*o - l*o + 15. What are the prime factors of z(o)?
23
Suppose 0 = -2*i - 4*w + 5748, 5*w - w - 11484 = -4*i. List the prime factors of i.
2, 3, 239
Suppose -4*p - 3*a - 7 = 0, -p + 2*a = -3*p - 6. Suppose 118 = d - 2*m, -p*d - 4*m = 2*d - 424. What are the prime factors of d?
2, 5, 11
Let r be -6*((-56)/12 - -4). Suppose r*j - 144 = 252. Suppose 105 + j = 4*w. List the prime factors of w.
3, 17
Let z(w) = -2*w**2 + 108*w + 122. List the prime factors of z(52).
2, 3, 5, 11
Let o(d) = -22*d - 7. Suppose -5*j - 2*q = 29, j - 4*j + 2*q - 11 = 0. What are the prime factors of o(j)?
103
Let a = 154 - -165. List the prime factors of a.
11, 29
Let h(n) = 3*n - 2. Let o(u) = 7*u**2 - 1. Let s be o(1). Suppose 2*x - 4*x + s = 0. What are the prime factors of h(x)?
7
Let k(c) = 3*c - 106. Let s(i) = -6*i + 211. Let z(l) = -5*k(l) - 2*s(l). What are the prime factors of z(0)?
2, 3
Let h = -362 + 1210. What are the prime factors of h?
2, 53
Let t(h) = h**2 + 6*h + 5. Let u be (-3)/(-12) + 9/(-4). Let o = u - 4. What are the prime factors of t(o)?
5
Let u(i) = -i**3 + 2*i**2 + 6*i + 17. Let x(b) = b**2 - 4*b - 2. Let l be x(3). List the prime factors of u(l).
2, 3
Suppose 0 = -2*a - 0*a - 3*m + 106, -4*a + 190 = -5*m. Let y = 8 + -3. Suppose -2*b - y*h = -13, 0 = 5*b - 4*h - a + 1. What are the prime factors of b?
3
Suppose 3*i - 5 - 3 = d, -2*d - 8 = -4*i. Suppose d*t - 272 = -0*t. List the prime factors of t.
2, 17
Suppose 0 = 29*w - 108 - 15407. List the prime factors of w.
5, 107
Let j be (-224)/22 - (-2)/11. Suppose -8 = -3*q + 106. Let l = q + j. What are the prime factors of l?
2, 7
Suppose 3*a - 4361 = -5*r, 2*a - 2899 = -5*r + 10*r. What are the prime factors of a?
2, 3, 11
Suppose -22218 - 3680 = -46*v. List the prime factors of v.
563
Let c(h) be the third derivative of h**6/120 + h**5/15 - h**4/8 + 7*h**3/6 - 13*h**2. List the prime factors of c(3).
61
Let y(i) = -3*i + 74 + 5*i - 2*i - i**2 - 2*i. List the prime factors of y(0).
2, 37
Suppose -10*o = -2*o. Suppose 76 = r + f, 4*r - 4*f + 7*f - 305 = o. What are the prime factors of r?
7, 11
What are the prime factors of 4000 + ((-5 - 4)/(-3) - -1)?
2, 7, 11, 13
Let d(b) = b**3 + b**2 + b - 10. Let v be d(0). Let j(h) be the 